3, 5
Let z(t) = 5*t**3 + 5*t**2 - 2*t - 14. Let c be 10/45 - 172/(-36). List the prime factors of z(c).
2, 3, 11
Suppose 20350 = 81*q - 42*q - 28*q. What are the prime factors of q?
2, 5, 37
Let j(w) = 6963*w**2 - 417*w - 21. What are the prime factors of j(-3)?
3, 19, 59
Let l(b) = -2*b**3 - 5*b**2 - 5 + 5 + 4*b + 4 + 2. Suppose -s - 6 = q, -5*s - 4*q = -8*q + 21. List the prime factors of l(s).
3, 37
Suppose -24*x = -168*x + 810720. What are the prime factors of x?
2, 5, 563
List the prime factors of (-634020)/(-35)*(-42)/(-12).
2, 3, 10567
Let v(g) = -2*g**2 + 11*g + 8. Let s be v(5). Suppose 33*o = s*o + 7000. List the prime factors of o.
2, 5, 7
Suppose -5*c + 32 = 17. Let z(n) = -c*n + 6 - 9*n + 13*n. What are the prime factors of z(2)?
2
Let f(i) = i**3 - 3*i**2 + 4*i - 3. Let x be f(2). Let g be 4 + (-3 - x) + -95. Let d = -27 - g. What are the prime factors of d?
2, 17
Suppose -7*u = -2*r - 3*u - 1008, 0 = -r - 5*u - 490. Let n = r + 545. List the prime factors of n.
3, 5
Suppose -155*h - 253084 + 2320939 = 0. What are the prime factors of h?
3, 4447
Let u be (2 - 2)*(-4)/(-8)*2. Let s(f) = -2*f + 267. Let p be s(u). Suppose -3*t + 96 = -p. List the prime factors of t.
11
Let y = -350 + 357. Let r(f) = 11*f**2 - 15. List the prime factors of r(y).
2, 131
Let l be (-660)/9*72/(-40). List the prime factors of (l + -2)*(3 + (-13)/5).
2, 13
Let g(i) = -i**2 + 3*i + 1. Let j(z) = -3*z - 7. Let w be j(-3). Let x be g(w). Let m(l) = l**3 - 2*l**2 - 4*l + 5. What are the prime factors of m(x)?
2
Suppose 73549 = 19*a + 9082. List the prime factors of a.
3, 13, 29
Suppose -9*u = -3*u - 666. Let i be u/2*(23/3 - 3). Let s = -151 + i. What are the prime factors of s?
2, 3
Let m(l) be the first derivative of -l**3 - 3*l**2 + 9*l + 1/4*l**4 - 50. List the prime factors of m(5).
29
Let z(d) = d**3 + 4*d**2 - 4*d + 10. Let o be z(-5). Suppose 29 = -o*p - 36. Let k(u) = -4*u + 6. What are the prime factors of k(p)?
2, 29
Let i = -114 + 118. Suppose -4*c = -i*n + 2084, -2*c + 0 = 6. List the prime factors of n.
2, 7, 37
What are the prime factors of (11 - (-707450)/20)*(80/12)/5?
2, 3, 2621
Let a(y) = -462*y**2 + 498*y**2 + 6*y - 6*y**3 + 8 + 3*y**3 - 3. What are the prime factors of a(11)?
2, 7, 31
Let i(h) = -2*h**3 + 94*h**2 + 4*h - 343. What are the prime factors of i(46)?
4073
Let n be (3/(-3))/(2/(-838)). Suppose t - n = -4*b, -3*b - 4 + 313 = -t. Suppose -4*w + 5*k = -268, -6*k = 2*w - k - b. What are the prime factors of w?
2, 31
Let d = 10372 + -1906. What are the prime factors of d?
2, 3, 17, 83
Suppose q = 5, 4*d - 2732 = -2*q + 530. List the prime factors of d.
3, 271
Let g be (-1 + 0)*(152/2 + -4). What are the prime factors of (-85536)/g - (0 + 6)?
2, 3, 197
Let g(k) = -2*k + 9. Let p(c) = c + 1. Let u(t) = g(t) + 4*p(t). Let q = -31 - -27. What are the prime factors of u(q)?
5
Let i be 4 + -1 - ((-20)/(-5) - 195). What are the prime factors of (-7)/56 + i/16?
2, 3
Let p = 39 + -54. Let m = 20 + p. Suppose -m*v + 0*v + 3*r = -316, 4*v + 3*r = 242. What are the prime factors of v?
2, 31
Let y be ((-40)/25)/((-2)/(-14910)*-3). Suppose 239*x = 232*x + y. List the prime factors of x.
2, 71
Let i(k) = -491*k - 141. Let r be i(-8). Let s = -2633 + r. What are the prime factors of s?
2, 577
Suppose -74191 = -61*n + 183290. List the prime factors of n.
3, 7, 67
Let c(z) be the third derivative of -z**7/360 + z**6/120 - 2*z**5/15 - 35*z**2. Let r(s) be the third derivative of c(s). What are the prime factors of r(-11)?
2, 5
Let q be 2/(28/106) - (-6)/14. Suppose 6*g = -q + 26. Suppose -3*a = 4*i - 367, -g*i - 122 = -a - 4*i. What are the prime factors of a?
11
Suppose -129*s = -124*s - 82500. What are the prime factors of s?
2, 3, 5, 11
Suppose 0 = -9*s - 815 - 1993. Let m = 461 + s. List the prime factors of m.
149
Let v = 1625 + 14810. What are the prime factors of v?
5, 19, 173
Let u(g) = -4*g + 52. Let q(v) = 9*v - 103. Let x(z) = 3*q(z) + 7*u(z). Suppose 3*n + 4*l - 30 - 1 = 0, 0 = n - 2*l - 7. List the prime factors of x(n).
2, 23
Let h = -13298 + 15112. List the prime factors of h.
2, 907
Suppose -45*c + 39*c = 162. Let o be 5 + (-9)/(c/(-6)). Suppose o*x - 206 = -17. What are the prime factors of x?
3, 7
Let j(m) = 331*m + 1337. Let t be j(-4). Let o(u) = u**2 + u**3 - 6 + 3*u - 5*u**2 - 8*u**2. What are the prime factors of o(t)?
2, 101
Let r(x) = 31*x**2 + 9*x + 44. Let i be r(-5). Suppose -i = -0*p - p + 4*a, -4*p + 3110 = -2*a. List the prime factors of p.
2, 389
Suppose -4166 = 18*p + 4816. Let m = p + 951. List the prime factors of m.
2, 113
Suppose -h = 4*x - 62, -3*x - x - 54 = -h. Suppose -6*o + h*o = 80132. List the prime factors of o.
23, 67
What are the prime factors of 8/(-18) + 1771575/1755?
1009
Let a(k) = -9*k**3 - 12*k**2 - 20*k - 30. List the prime factors of a(-11).
7, 1531
Suppose 1239*f - 1232*f = -49. Let z = 37 + 10. Let q = z - f. What are the prime factors of q?
2, 3
Let f(h) = -6*h**3 - 67*h**2 + 57*h - 24. List the prime factors of f(-17).
2, 4561
Let s(v) = -v**2 - 12*v - 54. Let x be s(-10). Let n = x + 40. What are the prime factors of ((-512)/(-12))/(1/n)?
2
Suppose -5*j - 1526 = -12*j. What are the prime factors of (-6 + 1)/(-10)*j/1?
109
Let s = -109 + 109. Suppose -4*j + 2 = 2*d, -3*d + s*j + 2*j = -3. Suppose 1730 - d = 13*y. List the prime factors of y.
7, 19
Let s(b) = 2693*b**3 - 193*b + 393. What are the prime factors of s(2)?
23, 937
Let d(a) = 250*a**2 + 378*a + 5043. What are the prime factors of d(-14)?
48751
Let o be 3239/13 + -1 + (-11)/(-13). Let r = o + 338. What are the prime factors of r?
587
Let b be -2039*(-6 - 30/(-6 - 0)). Let o = b - 1186. List the prime factors of o.
853
Suppose -1842*k + 134165 = -1837*k - 4*q, -3*q - 134160 = -5*k. List the prime factors of k.
3, 11, 271
What are the prime factors of (-359228)/(-155)*((-2)/4 + 3)?
2, 2897
Let w be 2*(-8 + 4 - -5). Suppose -2*i - 7 - 9 = w*u, -5*u - 10 = 0. List the prime factors of (-1)/(-2) + (-261)/i.
2, 11
Suppose 253*n + 174*n - 21200245 = 72*n. List the prime factors of n.
11, 61, 89
Suppose 8*f - 3373 = -437. Suppose -f*c = -368*c + 16. What are the prime factors of c?
2
Suppose -4*k = -8*k. Let n(u) = u**2 + 3*u - 15. Let a be n(k). What are the prime factors of -4 - 3/(a/905)?
3, 59
Let i(z) = 37*z - 8. Let g be (3 + 4/(-2) - -3)/(-1). Let p(y) = 75*y - 16. Let d(s) = g*p(s) + 7*i(s). List the prime factors of d(-3).
131
Let m(k) be the first derivative of -7*k**4/4 + k**3/3 + 4*k**2 + 10*k + 91. What are the prime factors of m(-4)?
2, 13, 17
Suppose 357*q = 332*q + 216100. What are the prime factors of q?
2, 2161
Let c = -9378 + 48387. List the prime factors of c.
3, 13003
Let q(o) = -4*o + 13 + 41*o**2 - 4*o**2 - 18 + 22*o**2. List the prime factors of q(-2).
239
Let j(u) = -63*u + 92. Let x(n) = -249*n + 367. Let o(d) = -9*j(d) + 2*x(d). What are the prime factors of o(9)?
17, 31
Suppose -x + 4 = -2*n - 3, 15 = -3*n. List the prime factors of (-1)/((-1940)/645 - x).
3, 43
Let q(l) be the first derivative of -11*l**2/2 + 13*l + 9. Let t be q(-4). Let n = -36 + t. List the prime factors of n.
3, 7
Let n(p) = -7*p + 19. Let x = 134 + -111. Let h be n(x). What are the prime factors of (2627/h)/(1*(-1)/4)?
2, 37
Let z(g) = 287*g**2 + 9*g + 5. Let o(v) = -3*v**2 + 17*v - 11. Let d be o(5). List the prime factors of z(d).
283
Let b be 8 - (-2)/8*-4. Let l(a) = -a**2 + 8*a - 3. Let v be l(b). What are the prime factors of v*(8/(-24))/((-4)/438)?
2, 73
Let j = 2751 + 3333. What are the prime factors of j?
2, 3, 13
Let n be -16*(3/(-2))/1. Suppose 3*u - 2*i - n = i, 4*u = 2*i + 22. Suppose 2*h - 61 = -3*a + u*h, 0 = 4*a + 2*h - 78. List the prime factors of a.
2, 5
Let s be -3 + 258/33 - 2/(-11). Suppose 1261 = s*o + 3*q, 242 = o + 2*q + 2*q. List the prime factors of o.
2, 127
Let b(v) = 2*v**2 + 3*v - 7. Let l be b(5). Suppose 0 = 60*i - l*i - 1106. List the prime factors of i.
7, 79
Let w be 1/((-6)/(-24)) + 6. Suppose -12*n + 7942 = w*n. What are the prime factors of n?
19
Let f = 5260 - 1939. What are the prime factors of f?
3, 41
Let t = -16 - -19. Let q be 2*2/(-8)*(-13 + 3). Suppose 10 + 18 = t*m - 2*n, -q*m + n = -49. What are the prime factors of m?
2, 5
Let z = 18944 - 5919. What are the prime factors of z?
5, 521
Wh